 = -105 - r. What is the greatest common factor of 16 and z?
1
Suppose 19*g + 456 = -53*g + 3696. What is the greatest common factor of 5625 and g?
45
Suppose 1426*x = 1431*x - 10. Suppose 36 = x*o - o + 2*q, -5*o + 150 = 4*q. Calculate the highest common divisor of 286 and o.
26
Let t be (-3 - (-41972)/16)/(8 + 279/(-36)). Calculate the highest common factor of t and 223.
223
Let s(d) = d**3 - 83*d**2 + 8*d - 192. Let y be s(83). What is the greatest common divisor of 2006 and y?
118
Suppose 0 = -z - 424 + 406. Let i be (24/z)/((-12)/1170). What is the highest common factor of 20 and i?
10
Let r = 1998 - 1750. What is the highest common factor of 296 and r?
8
Suppose -48*u = 51*u - 105*u + 792. Calculate the highest common divisor of 43692 and u.
132
Let i be 4 - ((-1 - -6 - 4) + -2). Suppose 3*s - 63 = i*c + 127, -5*c = 2*s - 135. Calculate the greatest common divisor of s and 10.
5
Suppose 960 = 52624*s - 52600*s. What is the highest common factor of 3688 and s?
8
Let p(s) = 18*s**2 + 361*s - 335. Let h be p(-21). Let z be 1 + (1 - 372/(-3)). Let y = z + -71. Calculate the highest common divisor of h and y.
11
Let f be (-4)/(-22) - 1178/(-418). Suppose 0 = -f*l + 166 - 94. What is the highest common divisor of 68 and l?
4
Let d be ((-104)/(-128))/(-13) - (-9)/((-576)/(-154756)). What is the greatest common factor of d and 12?
6
Suppose -843 = -5*y - 318. Let g = y - 60. Calculate the greatest common factor of 270 and g.
45
Let v = 13347 + -10467. Calculate the highest common divisor of v and 15.
15
Let g be -15*((-4)/3)/4. Let d be ((-2)/(-4) + 1)/((-11)/(-22)). Suppose 148*l = 151*l + d*f - 18, -f = -l - 2. Calculate the highest common divisor of g and l.
1
Let h = -22 - -16. Suppose -4*b + 28 = d + 3, -5*b = d - 30. Let t be ((-25)/b)/(3/h). What is the highest common factor of t and 10?
10
Suppose -10*z + 14*z = 48. Suppose -5*d - 89 = -84. Let c be -6 - -1 - -3 - z*d. What is the highest common factor of 15 and c?
5
Let m = -196 + 395. Suppose p + 5*b - 175 = 0, b = -p - 4 + m. Calculate the greatest common divisor of 75 and p.
25
Let d(s) = 45*s**3 + 3*s**2 - 2. Suppose 4*r = -2*u + 6 + 4, 5*u = 15. Let k be d(r). Let n = -36 + k. Calculate the highest common factor of n and 5.
5
Let u be 6/8*(-2508)/18*-6. What is the greatest common divisor of 741 and u?
57
Let h be 5 + 24/(-8)*(-148)/6. Suppose -2*d + h = 1. Calculate the greatest common divisor of d and 65.
13
Let c = 78 + -78. Let f be (c/(-1))/3 - -8. Suppose -77 = -q - f. Calculate the highest common factor of 115 and q.
23
Let i(j) = 5*j - 1 - 5 - 2 + 3*j. Let g be i(2). Suppose 0 = -5*n + g*n - 57. Calculate the highest common factor of n and 152.
19
Let s = -100 - -170. Let v be -1*s/(-7) + 5. Let l be (1 + 4/(-10))*5. What is the highest common factor of l and v?
3
Suppose 19 = 3*r - 5. Suppose 8*y + 152 = -r. Let w be (-11 + (-3)/(-1))*y. What is the greatest common factor of 32 and w?
32
Let c be 3453/9 + (-2)/(-6). Suppose -167*z + 184*z - 816 = 0. Calculate the greatest common factor of z and c.
48
Let z(t) = -47*t**2 + t + 24. Let b be z(0). What is the highest common divisor of 72 and b?
24
Let u(l) = 12*l**2 - 79*l. Let j be u(13). Calculate the greatest common divisor of 781 and j.
11
Let d(h) = 22 + 4*h - 8*h - 2*h + h**2 - 14*h. Let g be d(19). Suppose 2*q = g*c + 233, 5*q - c = 3*c + 572. What is the greatest common divisor of 14 and q?
14
Suppose -2*i - 437 = -3*i. Let k(q) = -3042*q + 3065. Let m be k(1). What is the highest common factor of m and i?
23
Let i = -306 - -310. Suppose 0 = -4*m + 4*g + 24, 16 = i*m - 13*g + 17*g. What is the greatest common divisor of 45 and m?
5
Let x be (-42)/(-4)*(11 + -13). Let r be (-3 - 117/x)/((-3)/(-28)). Let v be 508/16 + 2/8. Calculate the highest common divisor of r and v.
8
Let c = 1 - -9. Let j be -2*(6/c - (-728)/(-80)). Calculate the highest common factor of 85 and j.
17
Let m(i) = -i**3 + 19*i**2 - 3*i + 54. Let r be m(19). Let c = r + 16. Calculate the highest common factor of c and 208.
13
Let w = 105756 - 105749. Let i = -152 - -216. Suppose -i + 15 = -r. What is the highest common factor of w and r?
7
Let h = 64 + -59. Suppose -7*g + 2 = -h. Suppose 0 = -5*n - 3*f + 98, 115 = 4*n + 5*f + 34. What is the highest common factor of n and g?
1
Suppose -25092 = -931*v + 914*v. Calculate the greatest common divisor of v and 36.
36
Let f(z) = -z**3 - 7*z**2 + 9*z + 51. Let v be f(-7). Let t be ((-85)/34)/(5/v). Calculate the greatest common divisor of 96 and t.
6
Suppose 6194*j = 6099*j + 76950. Calculate the greatest common factor of j and 150.
30
Let r be (-5 - -1)/((-11)/22). Let y(h) = 0 + r*h + 0 - h**2 + 4 + 1. Let s be y(7). Calculate the highest common divisor of 60 and s.
12
Suppose -6*q - 28 = -20*q. Suppose -4*h = 2*p - 82, -4*h + 32 = -4*p + 196. Suppose p = 5*k - 9. What is the greatest common divisor of q and k?
2
Let w(x) = x**3 + 12*x**2 - 131*x - 1420. Let y be w(-14). Calculate the greatest common divisor of 27203 and y.
11
Let r be (-16)/18*-555 + (-1)/3. Suppose -5*t = 3*n - 545 + 181, -r = -4*n + t. Let k = n - 78. Calculate the highest common factor of k and 9.
9
Let i(d) = -d**3 + 4*d**2 + 2*d - 10. Let m be i(3). Suppose -m*p = 2*p - 385. What is the greatest common factor of p and 495?
55
Let c be 667/5 - (-21)/45*-3. Calculate the highest common divisor of 759 and c.
33
Suppose 3*h + 1312 = 11*h. Suppose -15*w + h = 44. Calculate the greatest common factor of w and 40.
8
Let k = -315 + 321. Let j(s) = 2*s**3 - 8*s**2 + s. Let z be j(6). What is the greatest common divisor of z and k?
6
Let i be 128/22 + 6/33. Let a(j) = 8*j**2 - 6*j - 25. Let k be a(i). Suppose -49 = -3*c + k. What is the highest common divisor of 138 and c?
46
Let y(s) = 210*s**2 - 26*s - 24. Let r be y(4). Calculate the highest common divisor of r and 101.
101
Let m(i) = -i**2 - 15*i + 21. Let l be m(-17). Let s = l - -22. Let a be (1 + (2 - s))*(-32)/6. Calculate the highest common factor of a and 128.
32
Let b(w) = 1850*w - 13946. Let l be b(10). What is the highest common factor of 1584 and l?
198
Suppose 1449 = 38*p + 195. Suppose 0 = 5*l - p*l + 168. Calculate the greatest common divisor of 50 and l.
2
Let n = -8841 + 8848. Let r be (21/(-4))/(1/(-4)). Suppose -v = -0*v - r. Calculate the greatest common divisor of n and v.
7
Suppose -60*a - 50112 = -118*a. What is the highest common factor of 480 and a?
96
Let k(z) = 9*z**2 - 12*z + 10. Let j be k(5). Calculate the greatest common divisor of j and 224.
7
Suppose 55 = 6*l + 1. Suppose 0 = 20*w + l - 109. Suppose -3*b + 27 = s + 2*b, -2*s - 2*b = -14. Calculate the greatest common factor of s and w.
1
Suppose -135 = 4*w - 23. Let r = -25 - w. Suppose -4*l = -7*l + 5*g + 8, r*g = -5*l + 2. What is the greatest common factor of l and 8?
1
Let n(f) = f**2 - 108*f + 2842. Let s be n(66). Calculate the highest common factor of s and 1855.
35
Let v be 4/(-30) - 70917/(-315). Let a = 17 + -8. What is the greatest common factor of a and v?
9
Let s(v) = 3*v + 104. Let d be s(12). Suppose -r + 5*r = g - d, 4*r - 620 = -4*g. What is the highest common factor of 380 and g?
76
Suppose -24*g = -14*g - 200. Let d = 8 - g. Let p be (d/(-10))/(36/120). What is the greatest common factor of 28 and p?
4
Let m = -5 + 9. Let q(h) be the third derivative of 7*h**4/4 - 36*h**3 - 221*h**2. Let c be q(6). What is the highest common divisor of c and m?
4
Let a(l) = -2039*l - 20375. Let j be a(-10). What is the greatest common factor of j and 45180?
15
Let n = -559 - -563. Let t be n - (-5)/(35/49). What is the greatest common factor of t and 187?
11
Suppose -8*m + 26250 = -16302. Calculate the highest common factor of m and 27.
27
Let k be ((-1 - 5) + -2 - -8) + 3712. Calculate the greatest common divisor of 58 and k.
58
Suppose -5*m + 42 = d - 2*m, -3*m + 72 = 2*d. Suppose 3*z + u + 53 - 97 = 0, 0 = 5*z - u - 76. What is the highest common factor of d and z?
15
Suppose -2*g + 149 = 141. Let f(t) = t**3 - t**2 - 4*t - 4. Let y be f(g). Let x = -72 + 184. What is the highest common factor of x and y?
28
Let g = -14 + 50. Let w = 94 + -90. Suppose h = -w*h + 60. What is the highest common divisor of g and h?
12
Suppose -i - 4*b = -300 - 1398, -8426 = -5*i - 4*b. Let w = i - 1110. Suppose -y + w 